 is the remainder when 33 is divided by 13 - p/3*3/i?
9
Suppose -y - 95 = -2*d, -44*d + 3*y - 2 = -45*d. Let o(t) = 11*t**2 + 5*t + 1. Calculate the remainder when o(-4) is divided by d.
34
What is the remainder when 513 is divided by -2*(1 + (-798)/12)?
120
Suppose -80*d + 16978 + 12702 = 0. Calculate the remainder when d is divided by 22.
19
Calculate the remainder when (-102258)/(-92)*108/243 is divided by (-1 + 2)*(-2 + 33).
29
Suppose 4*s - 260 = 5*o, 6*s - 4*s = 2*o + 132. Let l = 8 + s. Suppose -28 = 3*w - 76. Calculate the remainder when l is divided by w.
14
Let v = -319 + 349. Suppose 22*h = v*h - 120. Let k = -12 + 55. What is the remainder when k is divided by h?
13
Let d be (16/15 - 44/66)*45. Suppose 0 = -4*b + 4*n - 3*n + 72, -2*n = b - d. Calculate the remainder when 135 is divided by b.
9
Let a(w) = -w**2 - 15*w + 447. Calculate the remainder when 197 is divided by a(-28).
31
Suppose -154*p = -160*p + 1218. Let x = -185 + p. What is the remainder when x is divided by 11?
7
Suppose 26*r = 23*r - 3*s + 1122, -5*s = 40. Calculate the remainder when r is divided by 85.
42
Let k = 10585 - 10496. Calculate the remainder when 1499 is divided by k.
75
Calculate the remainder when 216 is divided by ((-92)/(-69))/(4/378).
90
Let o(j) = 2*j**2 + 60*j + 61. Calculate the remainder when o(-35) is divided by 139.
133
Let x = -6400 - -6457. Calculate the remainder when 4785 is divided by x.
54
Suppose -40*v + 45*v - 10 = 0. Let x be 2 + (419 + -3)*1/v. Suppose -5*r = 9*r - x. What is the remainder when r is divided by 3?
0
What is the remainder when (-1491)/(-3) + ((-18)/(-6) - -4) - -1 is divided by 92?
45
Suppose 130*d = 297*d - 7181. What is the remainder when 1242 is divided by d?
38
Suppose -42*d = 4*s - 43*d - 222, 0 = 4*s - 5*d - 214. Calculate the remainder when s is divided by 36.
20
Let y be 21/(-4) + 6 + 1724/(-16). Let i = y - -120. What is the remainder when 63 is divided by i?
11
Suppose -3*p + u + 762 = 5*u, -3*p + u = -762. Suppose -112*v = -104*v - 80. Suppose -13*g + v*g + 153 = 0. What is the remainder when p is divided by g?
50
What is the remainder when -2 + -1 + ((-60660)/(-30) - -30) is divided by 682?
3
Suppose -27*d = -421 - 146. Calculate the remainder when 4113 is divided by d.
18
Suppose 4*d = 4*u + 61584, -47*d - 15390 = -48*d - u. What is the remainder when d is divided by 86?
85
Suppose 0 = 13*h + 4 - 4. Suppose -5*z + 18*z - 5616 = h. Calculate the remainder when z is divided by 14.
12
Let o(d) = 74*d**3 + d**2 + 2*d + 1. Let n be o(-1). Let x = 126 + n. Let a(z) = -z**3 - 25*z**2 + 54*z + 18. What is the remainder when x is divided by a(-27)?
16
Suppose 5*g = i + 1 + 1, -5*g = -4*i - 8. Let f(t) = -t**2 - 307*t + 22080. What is the remainder when 0 - (232/(-2) - g) is divided by f(60)?
56
Let t(j) = 91*j - 21. Let i be t(3). Suppose 4*h + 4*r + i = 9*h, -4*h - 2*r + 186 = 0. What is the remainder when 188 is divided by h?
44
Suppose -4*n + 453 + 427 = 0. Let b = n - 199. What is the remainder when 104 is divided by b?
20
Suppose 161 = 5*h + 41. Suppose -89 = -15*p - 44. Suppose -2*d = -p*q - 3*d + 36, -3*d = 9. Calculate the remainder when h is divided by q.
11
Let a(i) = -17*i - 33*i - 7*i - 14 + 29*i. Calculate the remainder when a(-2) is divided by 25.
17
Let g be (6/9)/((-3)/(-423)). Let q = -88 + g. What is the remainder when 16 is divided by ((-28)/24)/(-7)*9*q?
7
Suppose 4*z - 9*o - 252 = -11*o, 2*z + 3*o - 126 = 0. Suppose -4*h = -2*i + 26, -3*i + 6*h - 4*h = -23. Calculate the remainder when z is divided by i.
3
Suppose -5*g - 2*n = -76, -5*g - 9*n + 148 = -13*n. Let r be 6/4*(-4)/6. Calculate the remainder when g is divided by (1 - 3) + r + 7.
0
Let h = 677 - 348. Let z = 993 - 938. What is the remainder when h is divided by z?
54
Suppose -z - z - 128 = -2*x, 0 = -4*x + z + 253. Let q = 87 - x. Calculate the remainder when q is divided by (-44)/(-5) + (-8)/(-40).
6
Let f = 23105 + -22806. Calculate the remainder when f is divided by 132.
35
Let k(b) be the second derivative of b**3/3 + 6*b**2 + b. Let r = -5170 - -5166. What is the remainder when 9 is divided by k(r)?
1
Let g be 154/(2 + (-342)/168). Calculate the remainder when 198 is divided by (-4)/(-10) + g/(-70).
12
Suppose -6*h - 65 - 55 = 0. Let j = -16 - h. Suppose g - 3*y = 0, j*y = 4*g - 5 - 3. Calculate the remainder when g is divided by 2.
1
Let d = -50 - -52. Suppose -2*p = d*p - 96. Let m = 52 + 43. What is the remainder when m is divided by p?
23
Calculate the remainder when -16*15/(-720)*1233 is divided by 140.
131
Suppose -8*q - 45 = -381. What is the remainder when 118 is divided by q?
34
Let y(a) = 11*a + 5. Let l(f) = 33*f + 14. Let c(u) = -4*l(u) + 11*y(u). Let j be c(-6). Suppose -j = -9*t - 4*t. What is the remainder when 30 is divided by t?
0
Suppose -3173 = 33*s - 6031 - 13048. What is the remainder when s is divided by 6?
2
What is the remainder when (494*123)/13 + 8 is divided by 5?
2
Suppose -u + 8 = -3*u. Let o be (-70)/(-21)*(-6)/u. Suppose o*q + 117 = f, f + q = -0*f + 93. Calculate the remainder when f is divided by 25.
22
Let c(m) = -3*m - 5. Let g be c(-6). Let l(w) = -w + 41. What is the remainder when l(g) is divided by 11?
6
Let b = -15 + 19. Suppose q = 10 - b. Let u = 43 - q. What is the remainder when u is divided by 19?
18
Let v = -6793 - -11069. Calculate the remainder when v is divided by 91.
90
Suppose 0 = p - 5*v + 60, -404 = 5*p - 5*v + 6*v. Let h = p + 165. Suppose -7 - h = -4*a. What is the remainder when 86 is divided by a?
17
Let x = -69 + 38. What is the remainder when (-58)/(-4)*(37 + x) is divided by ((-2)/(-4))/(1/26)?
9
Let r(b) be the second derivative of b**5/5 - b**4/2 - 5*b**2 - 20*b - 2. What is the remainder when r(3) is divided by (-1)/(64/(-60) - -1)?
14
Let f = -281 + 308. Suppose -t + 27 = t - j, -2*j + 2 = 0. What is the remainder when f is divided by t?
13
Suppose -21*u - 8325 = -m - 23*u, 3*m - 24971 = -2*u. What is the remainder when m is divided by 111?
109
Suppose -2*i = -v - 38, 13*v = -3*i + 14*v + 59. Suppose 0 = i*f - 264 - 870. Calculate the remainder when f is divided by 29.
25
Suppose -166*x = 60049 - 203639. Calculate the remainder when x is divided by 33.
7
Let y(z) = z**3 - 54*z**2 - 39*z - 535. Calculate the remainder when y(55) is divided by 40.
25
Suppose -15363 = -57*z + 13433 + 7171. Calculate the remainder when z is divided by 212.
207
Suppose 6*b - 9*b = 5*z - 464, 4*z + 149 = b. Calculate the remainder when 588 is divided by b.
129
Suppose -697 = -13*h + 2189. Let r be (8/24)/(2/h). Suppose 4*u + r - 6 = 5*o, -4*u - 28 = -4*o. Calculate the remainder when 14 is divided by o.
2
Suppose 0 = c + 2*d + 821 - 841, -3*c - 2*d = -44. Calculate the remainder when 3356 is divided by c.
8
Let z(f) = -25*f**2 + 15*f + 19. Let x be z(-4). Let s = 515 + x. What is the remainder when s is divided by 39?
35
Suppose 119*s - 5764 - 19779 = 103453. Calculate the remainder when s is divided by 2.
0
Let z = 33 + -31. Suppose -67 = -z*m + m. What is the remainder when 128 is divided by m?
61
Suppose -2*y - 49 = 2*y + 5*g, y = -g - 12. Let v(b) = 3*b + 38. Suppose -j - 3*j = -12. Calculate the remainder when v(y) is divided by j.
2
Suppose 12*j = -11*j + 6877. Calculate the remainder when j is divided by 79.
62
Let h = 5615 - 5104. What is the remainder when 525 is divided by h?
14
Suppose -69*j + 390 = -85*j + 42*j. What is the remainder when (-1 - 7)*(-11)/2 is divided by j?
14
Let s = -2 - 4. Suppose 2512*n - 2519*n + 322 = 0. Calculate the remainder when n is divided by (-2 + -49)*2/s.
12
Let t(y) = y**2 + 20*y + 21. Let j(d) = d**2 + 21*d + 22. Let m(x) = -6*j(x) + 5*t(x). Let h = -698 + 680. What is the remainder when m(h) is divided by 15?
12
Let v = 289 - 156. Suppose v*r = 138*r + 5. What is the remainder when 6 is divided by 22/5 + r + (-32)/80?
0
Suppose -19*z + 115920 = 37*z. Calculate the remainder when z is divided by 56.
54
Let u = -157 + -188. Let t = u + 599. What is the remainder when t is divided by 51?
50
Let h = 4788 + -4727. Calculate the remainder when 423 is divided by h.
57
Let c = -529 - -282. Let q = -139 - c. Suppose 3*a = 6 - 18, -5*t + 106 = a. What is the remainder when q is divided by t?
20
Let k(i) = 63*i + 2. Let m(t) = -2*t - 24. Let f be m(-18